Last updated on 2024-08-24 06:52:30 CEST.
Flavor | Version | Tinstall | Tcheck | Ttotal | Status | Flags |
---|---|---|---|---|---|---|
r-devel-linux-x86_64-debian-clang | 0.1 | 1.94 | 27.58 | 29.52 | NOTE | |
r-devel-linux-x86_64-debian-gcc | 0.1 | 1.65 | 20.58 | 22.23 | NOTE | |
r-devel-linux-x86_64-fedora-clang | 0.1 | 48.65 | NOTE | |||
r-devel-linux-x86_64-fedora-gcc | 0.1 | 45.66 | NOTE | |||
r-devel-windows-x86_64 | 0.1 | 3.00 | 46.00 | 49.00 | NOTE | |
r-patched-linux-x86_64 | 0.1 | 1.71 | 26.46 | 28.17 | NOTE | |
r-release-linux-x86_64 | 0.1 | 1.81 | 26.25 | 28.06 | NOTE | |
r-release-macos-arm64 | 0.1 | 15.00 | NOTE | |||
r-release-macos-x86_64 | 0.1 | 25.00 | NOTE | |||
r-release-windows-x86_64 | 0.1 | 3.00 | 48.00 | 51.00 | NOTE | |
r-oldrel-macos-arm64 | 0.1 | 17.00 | NOTE | |||
r-oldrel-macos-x86_64 | 0.1 | 26.00 | NOTE | |||
r-oldrel-windows-x86_64 | 0.1 | 3.00 | 52.00 | 55.00 | NOTE |
Version: 0.1
Check: LazyData
Result: NOTE
'LazyData' is specified without a 'data' directory
Flavors: r-devel-linux-x86_64-debian-clang, r-devel-linux-x86_64-debian-gcc, r-devel-linux-x86_64-fedora-clang, r-devel-linux-x86_64-fedora-gcc, r-devel-windows-x86_64, r-patched-linux-x86_64, r-release-linux-x86_64, r-release-macos-arm64, r-release-macos-x86_64, r-release-windows-x86_64, r-oldrel-macos-arm64, r-oldrel-macos-x86_64, r-oldrel-windows-x86_64