Last updated on 2024-06-07 22:54:31 CEST.
Flavor | Version | Tinstall | Tcheck | Ttotal | Status | Flags |
---|---|---|---|---|---|---|
r-devel-linux-x86_64-debian-clang | 4.1.3 | 15.00 | 161.70 | 176.70 | OK | |
r-devel-linux-x86_64-debian-gcc | 4.1.3 | 10.79 | 117.09 | 127.88 | OK | |
r-devel-linux-x86_64-fedora-clang | 4.1.3 | 213.65 | NOTE | |||
r-devel-linux-x86_64-fedora-gcc | 4.1.3 | 213.11 | NOTE | |||
r-devel-windows-x86_64 | 4.1.3 | 12.00 | 132.00 | 144.00 | OK | |
r-patched-linux-x86_64 | 4.1.3 | 9.83 | 153.75 | 163.58 | OK | |
r-release-linux-x86_64 | 4.1.3 | 9.88 | 146.30 | 156.18 | OK | |
r-release-macos-arm64 | 4.1.3 | 69.00 | OK | |||
r-release-macos-x86_64 | 4.1.3 | 103.00 | OK | |||
r-release-windows-x86_64 | 4.1.3 | 13.00 | 121.00 | 134.00 | FAIL | |
r-oldrel-macos-arm64 | 4.1.3 | 69.00 | OK | |||
r-oldrel-macos-x86_64 | 4.1.3 | 103.00 | OK | |||
r-oldrel-windows-x86_64 | 4.1.3 | 15.00 | 167.00 | 182.00 | OK |
Version: 4.1.3
Check: dependencies in R code
Result: NOTE
Namespace in Imports field not imported from: ‘metadat’
All declared Imports should be used.
Flavors: r-devel-linux-x86_64-fedora-clang, r-devel-linux-x86_64-fedora-gcc
Version: 4.1.3
Check: re-building of vignette outputs
Result: ERROR
Error(s) in re-building vignettes:
--- re-building 'meta-analysis.Rmd' using rmarkdown
--- finished re-building 'meta-analysis.Rmd'
--- re-building 'multiple-bias-examples.Rmd' using rmarkdown
Warning in dev.off(dv) : processing of the plot ran out of memory
Quitting from lines 20-21 [setup] (multiple-bias-examples.Rmd)
Error: processing vignette 'multiple-bias-examples.Rmd' failed with diagnostics:
package or namespace load failed for 'EValue' in inDL(x, as.logical(local), as.logical(now), ...):
unable to load shared object 'D:/RCompile/CRANpkg/lib/4.4/vctrs/libs/x64/vctrs.dll':
LoadLibrary failure: Die Auslagerungsdatei ist zu klein, um diesen Vorgang durchzuführen.
--- failed re-building 'multiple-bias-examples.Rmd'
--- re-building 'multiple-bias.Rmd' using rmarkdown
--- finished re-building 'multiple-bias.Rmd'
--- re-building 'selection-bias.Rmd' using rmarkdown
--- finished re-building 'selection-bias.Rmd'
--- re-building 'unmeasured-confounding.Rmd' using rmarkdown
--- finished re-building 'unmeasured-confounding.Rmd'
SUMMARY: processing the following file failed:
'multiple-bias-examples.Rmd'
Error: Vignette re-building failed.
Execution halted
Flavor: r-release-windows-x86_64
Version: 4.1.3
Check: HTML version of manual
Result: FAIL
Flavor: r-release-windows-x86_64