Last updated on 2024-08-24 06:52:30 CEST.
Flavor | Version | Tinstall | Tcheck | Ttotal | Status | Flags |
---|---|---|---|---|---|---|
r-devel-linux-x86_64-debian-clang | 0.6.1 | 38.46 | 84.52 | 122.98 | NOTE | |
r-devel-linux-x86_64-debian-gcc | 0.6.1 | 19.34 | 64.66 | 84.00 | NOTE | |
r-devel-linux-x86_64-fedora-clang | 0.6.1 | 196.95 | OK | |||
r-devel-linux-x86_64-fedora-gcc | 0.6.1 | 202.15 | OK | |||
r-devel-windows-x86_64 | 0.6.1 | 29.00 | 123.00 | 152.00 | NOTE | |
r-patched-linux-x86_64 | 0.6.1 | 28.60 | 82.07 | 110.67 | OK | |
r-release-linux-x86_64 | 0.6.1 | 24.77 | 80.63 | 105.40 | OK | |
r-release-macos-arm64 | 0.6.1 | 64.00 | OK | |||
r-release-macos-x86_64 | 0.6.1 | 97.00 | OK | |||
r-release-windows-x86_64 | 0.6.1 | 30.00 | 127.00 | 157.00 | OK | |
r-oldrel-macos-arm64 | 0.6.1 | 70.00 | OK | |||
r-oldrel-macos-x86_64 | 0.6.1 | 134.00 | OK | |||
r-oldrel-windows-x86_64 | 0.6.1 | 35.00 | 154.00 | 189.00 | OK |
Version: 0.6.1
Check: Rd cross-references
Result: NOTE
Found the following Rd file(s) with Rd \link{} targets missing package
anchors:
catalog.Rd: inside.owin
Please provide package anchors for all Rd \link{} targets not in the
package itself and the base packages.
Flavors: r-devel-linux-x86_64-debian-clang, r-devel-linux-x86_64-debian-gcc, r-devel-windows-x86_64