Last updated on 2024-08-24 12:49:56 CEST.
Flavor | Version | Tinstall | Tcheck | Ttotal | Status | Flags |
---|---|---|---|---|---|---|
r-devel-linux-x86_64-debian-clang | 1.5.0 | 32.06 | 86.57 | 118.63 | OK | |
r-devel-linux-x86_64-debian-gcc | 1.5.0 | 22.92 | 61.20 | 84.12 | OK | |
r-devel-linux-x86_64-fedora-clang | 1.5.0 | 204.82 | OK | |||
r-devel-linux-x86_64-fedora-gcc | 1.5.0 | 192.69 | OK | |||
r-devel-windows-x86_64 | 1.5.0 | 34.00 | 108.00 | 142.00 | OK | |
r-patched-linux-x86_64 | 1.5.0 | 31.79 | 81.96 | 113.75 | OK | |
r-release-linux-x86_64 | 1.5.0 | 31.89 | 82.90 | 114.79 | OK | |
r-release-macos-arm64 | 1.5.0 | 57.00 | NOTE | |||
r-release-macos-x86_64 | 1.5.0 | 158.00 | NOTE | |||
r-release-windows-x86_64 | 1.5.0 | 32.00 | 109.00 | 141.00 | OK | |
r-oldrel-macos-arm64 | 1.5.0 | 71.00 | NOTE | |||
r-oldrel-macos-x86_64 | 1.5.0 | 134.00 | NOTE | |||
r-oldrel-windows-x86_64 | 1.5.0 | 43.00 | 139.00 | 182.00 | OK |
Version: 1.5.0
Check: installed package size
Result: NOTE
installed size is 7.4Mb
sub-directories of 1Mb or more:
libs 7.2Mb
Flavors: r-release-macos-arm64, r-release-macos-x86_64, r-oldrel-macos-arm64, r-oldrel-macos-x86_64