Last updated on 2024-08-24 12:49:55 CEST.
Flavor | Version | Tinstall | Tcheck | Ttotal | Status | Flags |
---|---|---|---|---|---|---|
r-devel-linux-x86_64-debian-clang | 0.4.6 | 10.10 | 248.39 | 258.49 | OK | |
r-devel-linux-x86_64-debian-gcc | 0.4.6 | 7.26 | 173.40 | 180.66 | OK | |
r-devel-linux-x86_64-fedora-clang | 0.4.6 | 423.88 | NOTE | |||
r-devel-linux-x86_64-fedora-gcc | 0.4.6 | 440.43 | OK | |||
r-devel-windows-x86_64 | 0.4.6 | 11.00 | 234.00 | 245.00 | NOTE | |
r-patched-linux-x86_64 | 0.4.6 | 11.05 | 238.29 | 249.34 | OK | |
r-release-linux-x86_64 | 0.4.6 | 10.05 | 239.32 | 249.37 | OK | |
r-release-macos-arm64 | 0.4.6 | 112.00 | NOTE | |||
r-release-macos-x86_64 | 0.4.6 | 383.00 | NOTE | |||
r-release-windows-x86_64 | 0.4.6 | 12.00 | 238.00 | 250.00 | NOTE | |
r-oldrel-macos-arm64 | 0.4.6 | 126.00 | NOTE | |||
r-oldrel-macos-x86_64 | 0.4.6 | 170.00 | NOTE | |||
r-oldrel-windows-x86_64 | 0.4.6 | 18.00 | 307.00 | 325.00 | NOTE |
Version: 0.4.6
Check: installed package size
Result: NOTE
installed size is 5.5Mb
sub-directories of 1Mb or more:
doc 5.1Mb
Flavors: r-devel-linux-x86_64-fedora-clang, r-devel-windows-x86_64, r-release-macos-arm64, r-release-macos-x86_64, r-release-windows-x86_64, r-oldrel-macos-arm64, r-oldrel-macos-x86_64, r-oldrel-windows-x86_64
Version: 0.4.6
Check: package dependencies
Result: NOTE
Packages suggested but not available for checking: 'spaMM', 'glmmTMB'
Packages which this enhances but not available for checking:
'rstan', 'BayesianTools'
Flavor: r-oldrel-macos-x86_64