Last updated on 2024-08-24 12:49:54 CEST.
Flavor | Version | Tinstall | Tcheck | Ttotal | Status | Flags |
---|---|---|---|---|---|---|
r-devel-linux-x86_64-debian-clang | 1.0.0 | 7.03 | 105.84 | 112.87 | OK | |
r-devel-linux-x86_64-debian-gcc | 1.0.0 | 4.88 | 78.31 | 83.19 | OK | |
r-devel-linux-x86_64-fedora-clang | 1.0.0 | 193.83 | NOTE | |||
r-devel-linux-x86_64-fedora-gcc | 1.0.0 | 191.88 | OK | |||
r-devel-windows-x86_64 | 1.0.0 | 9.00 | 125.00 | 134.00 | NOTE | |
r-patched-linux-x86_64 | 1.0.0 | 6.70 | 103.51 | 110.21 | OK | |
r-release-linux-x86_64 | 1.0.0 | 6.51 | 102.42 | 108.93 | OK | |
r-release-macos-arm64 | 1.0.0 | 61.00 | NOTE | |||
r-release-macos-x86_64 | 1.0.0 | 147.00 | NOTE | |||
r-release-windows-x86_64 | 1.0.0 | 9.00 | 122.00 | 131.00 | NOTE | |
r-oldrel-macos-arm64 | 1.0.0 | 79.00 | NOTE | |||
r-oldrel-macos-x86_64 | 1.0.0 | 161.00 | NOTE | |||
r-oldrel-windows-x86_64 | 1.0.0 | 10.00 | 152.00 | 162.00 | NOTE |
Version: 1.0.0
Check: installed package size
Result: NOTE
installed size is 6.5Mb
sub-directories of 1Mb or more:
doc 5.4Mb
Flavors: r-devel-linux-x86_64-fedora-clang, r-devel-windows-x86_64, r-release-macos-arm64, r-release-macos-x86_64, r-release-windows-x86_64, r-oldrel-macos-arm64, r-oldrel-macos-x86_64, r-oldrel-windows-x86_64