Last updated on 2024-07-03 20:58:25 CEST.
Flavor | Version | Tinstall | Tcheck | Ttotal | Status | Flags |
---|---|---|---|---|---|---|
r-devel-linux-x86_64-debian-clang | 1.2.3 | 422.62 | 249.70 | 672.32 | NOTE | |
r-devel-linux-x86_64-debian-gcc | 1.2.3 | 370.32 | 207.19 | 577.51 | NOTE | |
r-devel-linux-x86_64-fedora-clang | 1.2.3 | 903.01 | NOTE | |||
r-devel-linux-x86_64-fedora-gcc | 1.2.3 | 1116.84 | NOTE | |||
r-devel-windows-x86_64 | 1.2.3 | 330.00 | 240.00 | 570.00 | NOTE | |
r-patched-linux-x86_64 | 1.2.3 | 330.50 | 267.26 | 597.76 | NOTE | |
r-release-linux-x86_64 | 1.2.3 | 416.42 | 269.22 | 685.64 | NOTE | |
r-release-macos-arm64 | 1.2.3 | 202.00 | NOTE | |||
r-release-macos-x86_64 | 1.2.3 | 240.00 | NOTE | |||
r-release-windows-x86_64 | 1.2.3 | 310.00 | 242.00 | 552.00 | NOTE | |
r-oldrel-macos-arm64 | 1.2.3 | 142.00 | NOTE | |||
r-oldrel-macos-x86_64 | 1.2.3 | 172.00 | NOTE | |||
r-oldrel-windows-x86_64 | 1.2.3 | 349.00 | 287.00 | 636.00 | NOTE |
Version: 1.2.3
Check: for GNU extensions in Makefiles
Result: NOTE
GNU make is a SystemRequirements.
Flavors: r-devel-linux-x86_64-debian-clang, r-devel-linux-x86_64-debian-gcc, r-devel-linux-x86_64-fedora-clang, r-devel-linux-x86_64-fedora-gcc, r-devel-windows-x86_64, r-patched-linux-x86_64, r-release-linux-x86_64, r-release-macos-arm64, r-release-macos-x86_64, r-release-windows-x86_64, r-oldrel-macos-arm64, r-oldrel-macos-x86_64, r-oldrel-windows-x86_64
Version: 1.2.3
Check: installed package size
Result: NOTE
installed size is 8.1Mb
sub-directories of 1Mb or more:
data 1.3Mb
help 1.9Mb
libs 3.8Mb
Flavors: r-devel-linux-x86_64-fedora-clang, r-devel-windows-x86_64, r-release-macos-arm64, r-release-macos-x86_64, r-release-windows-x86_64, r-oldrel-macos-arm64, r-oldrel-macos-x86_64, r-oldrel-windows-x86_64