Last updated on 2024-08-24 06:52:24 CEST.
Flavor | Version | Tinstall | Tcheck | Ttotal | Status | Flags |
---|---|---|---|---|---|---|
r-devel-linux-x86_64-debian-clang | 1.0-3 | 5.91 | 51.28 | 57.19 | NOTE | |
r-devel-linux-x86_64-debian-gcc | 1.0-3 | 4.40 | 36.13 | 40.53 | NOTE | |
r-devel-linux-x86_64-fedora-clang | 1.0-3 | 95.39 | NOTE | |||
r-devel-linux-x86_64-fedora-gcc | 1.0-3 | 89.86 | NOTE | |||
r-devel-windows-x86_64 | 1.0-3 | 8.00 | 71.00 | 79.00 | NOTE | |
r-patched-linux-x86_64 | 1.0-3 | 5.91 | 48.71 | 54.62 | NOTE | |
r-release-linux-x86_64 | 1.0-3 | 6.07 | 49.18 | 55.25 | NOTE | |
r-release-macos-arm64 | 1.0-3 | 30.00 | NOTE | |||
r-release-macos-x86_64 | 1.0-3 | 42.00 | NOTE | |||
r-release-windows-x86_64 | 1.0-3 | 7.00 | 70.00 | 77.00 | NOTE | |
r-oldrel-macos-arm64 | 1.0-3 | 32.00 | OK | |||
r-oldrel-macos-x86_64 | 1.0-3 | 49.00 | OK | |||
r-oldrel-windows-x86_64 | 1.0-3 | 10.00 | 79.00 | 89.00 | OK |
Version: 1.0-3
Check: Rd files
Result: NOTE
checkRd: (-1) barcoding.spe.identify2.Rd:27: Lost braces; missing escapes or markup?
27 | read.dna() from package {ape} was used to obtain DNAbin object for unaligned non-coding barcodes.
| ^
Flavors: r-devel-linux-x86_64-debian-clang, r-devel-linux-x86_64-debian-gcc, r-devel-linux-x86_64-fedora-clang, r-devel-linux-x86_64-fedora-gcc, r-devel-windows-x86_64, r-patched-linux-x86_64, r-release-linux-x86_64, r-release-macos-arm64, r-release-macos-x86_64, r-release-windows-x86_64